tors of s.
5
Let c be -8*(-1200)/5 + 0. Let g be (-24)/42 - c/(-28). Suppose 14 = -6*m + g. List the prime factors of m.
3
Let r be 3/(-2) - 55/10*-7. Suppose 0 = -2*i + m + 1 + 1, 2 = -2*i + 2*m. Suppose -i*k + 2*s + r = 0, -4*s - 33 = -3*k - s. List the prime factors of k.
3, 5
Let b = 91 + -88. What are the prime factors of 1211/14 + 3*b/6?
2, 11
Let i(o) = -6 + 2 - 2*o + 3 + 8*o**3. Let b be i(-2). Let c = b - -105. What are the prime factors of c?
2, 11
Suppose 5*n + 4*j + 0*j = -8, 6 = -3*n - 3*j. Suppose 4*f - 2*f - 86 = n. List the prime factors of f.
43
Suppose 10*i - 15*i + 405 = 0. Suppose 2*l = a - 36, a - i = 5*l + 3*a. Let c = l - -19. List the prime factors of c.
2
Suppose 8*h = -159 + 1831. Suppose -207 = -o - 2*t, 0 = -o + 4*t - 26 + h. What are the prime factors of o?
199
Suppose 8*v - 5*v = -4*l + 2021, 4*v = -20. List the prime factors of l.
509
Let l(v) = -v**3 - 4*v**2 - v - 1. Let b be l(-4). Suppose b*r = -3*g + 185 - 47, 5*r - 5*g = 210. List the prime factors of r.
2, 11
Suppose 0 = 3*u + 12*u - 645. What are the prime factors of u?
43
Suppose 198 = 8*j + 3*j. Suppose 516 - 2604 = -j*x. List the prime factors of x.
2, 29
Let k be 0/(-1) - (-3 + -1). Let t = k - 6. List the prime factors of -8 + 43 + 4/t.
3, 11
Let a(y) = 27*y**2 - 18*y + 70. List the prime factors of a(9).
5, 419
Let o(s) = -s**3 - 5*s**2 + 35*s - 18. Let d be o(-9). Let g(r) = -25*r + 39. List the prime factors of g(d).
2, 3, 11
Suppose 3*m = -2*f - 2*f + 1572, -4*m + 2121 = -3*f. What are the prime factors of m?
2, 3, 11
Let b = -16 - -14. Let s be b/7 - 117/7. Let q = 27 + s. List the prime factors of q.
2, 5
Let h be (-10)/2*(-144)/30. Suppose -9*b + 12 = -h. Suppose b*f - 2*f - 66 = 0. What are the prime factors of f?
3, 11
Let q(w) = -617*w - 326. List the prime factors of q(-9).
5227
Let s be 34/(-2) + (0 - 1). Let l be (-94)/12 - (-3)/s. What are the prime factors of 16 + l/(-2) + -4?
2
What are the prime factors of 3*8/12 - -1597?
3, 13, 41
Let d(t) be the first derivative of 28*t**3 + 3*t**2/2 + 8*t + 51. List the prime factors of d(-2).
2, 13
Let p be (-2 + 3)/(2/(-14)). Let a = p + 22. Suppose 5*z + t = a, -z - 5*t = -0*z + 21. What are the prime factors of z?
2
Suppose 3320 = 3*o + 2*r, 5*o - r + 4*r = 5533. What are the prime factors of o?
2, 7, 79
Let t be 192*3/(-6)*-1. What are the prime factors of ((t/(-9))/2)/((-2)/87)?
2, 29
Let p(t) = t**3 - 2*t**2 - 6*t + 3. Let u be p(5). Suppose -3*c = 3*c - u. Let o(m) = 2*m**2 - 11*m + 5. What are the prime factors of o(c)?
3, 5
List the prime factors of 22624/70 - (-4)/5.
2, 3
What are the prime factors of 76/114 + (-118)/(-3)?
2, 5
Let g be 29/3 - 2/(-6). Suppose -s + 2*z + g = 0, -3*s = 3*z + z - 20. Let m(n) = n + 3. List the prime factors of m(s).
11
Let t(p) = 6*p + 29. Suppose b + 3 = 0, -3*a - 3 = 5*b - 0. What are the prime factors of t(a)?
53
Suppose 16*b = 44865 + 32943. List the prime factors of b.
3, 1621
Suppose 0 = n - u - 157, 0*n + 2*u = -2*n + 298. What are the prime factors of (-5 + 4)/((-3)/n)?
3, 17
Suppose -2*y = 5*m - 23787, 2*y + 94 = 86. List the prime factors of m.
4759
Suppose -5*s + 4*y - 10 = -3*s, -y = -5. Suppose 3*d - 104 = -s. List the prime factors of d.
3, 11
Let m(g) = 3*g - 17. List the prime factors of m(9).
2, 5
Let j be 0 - (111/(-2))/((-9)/(-180)). Suppose 223*o - j = 218*o. List the prime factors of o.
2, 3, 37
Let f = 2401 - 1701. Let o be 1/3 - f/(-15). Suppose 0 = 3*w + 3, -r - w = 4*w - o. List the prime factors of r.
2, 13
Let h = -1386 - -2512. List the prime factors of h.
2, 563
Suppose 3*l - 18 = -2*x, 5*l - 10 + 2 = 4*x. What are the prime factors of (-185)/(3/x - 2)?
5, 37
Let i be 30/(-3) - (2 + -5). Let m(r) = 3*r**2 + 5*r - 7. List the prime factors of m(i).
3, 5, 7
Let x be 1241/4 - (-10)/(-40). Suppose 3*a = 8*a - x. Suppose -2*r + a + 68 = 0. What are the prime factors of r?
5, 13
Suppose -37*k + 33*k = -3*v - 15159, 5*k - 18969 = -3*v. What are the prime factors of k?
2, 3, 79
Let r be 1 + 4 + -1 + -7. List the prime factors of -2 + ((-12)/r + -1 - -56).
3, 19
Suppose 5*w - 7*w = -2*a + 3442, 2*a = w + 3441. What are the prime factors of a?
2, 5, 43
Let y(n) = n**2 + 14*n + 49. What are the prime factors of y(30)?
37
Let u be (-15)/(-6) - -1*3/6. Suppose 3*q - 5*m - 33 = 0, -u*q + 4*m + 0*m = -30. What are the prime factors of q?
2, 3
Let o(k) = k**3 + 8*k**2 - 5*k - 7. Suppose 0*v + 18 = -3*v. Let q be o(v). Let r = -49 + q. What are the prime factors of r?
2, 23
Suppose 5*s = -3*i + 21204, 58*i = 61*i + 6. List the prime factors of s.
2, 3, 7, 101
Suppose 5*q - 4*v - 150 = 0, 0 = 3*q - 3*v - 2*v - 103. Let l = -23 + q. What are the prime factors of 90/((l + -2)*2)?
3, 5
Suppose -22 = -2*u + 22. Let l = u + 5. List the prime factors of l.
3
Let o(y) = 2*y**2 - 7*y - 30. List the prime factors of o(8).
2, 3, 7
Suppose -18*a - 4*a + 123926 = 0. What are the prime factors of a?
43, 131
Let i(t) = 2*t**3 + 44*t**2 + 25*t - 7. List the prime factors of i(-20).
1093
Suppose -5072 = -4*h + 2*f - f, h - 4*f - 1253 = 0. What are the prime factors of h?
3, 47
List the prime factors of (-108)/(-10)*(-3520)/(-24).
2, 3, 11
Suppose -i = -6*i + 25. Let v(w) = w**3 - 4*w**2 + w - 5. Let q be v(i). Suppose 0 = -5*o - 0*o + q. What are the prime factors of o?
5
What are the prime factors of (84/196 - (-62)/(-14)) + 2304?
2, 5, 23
Let b(x) = -13*x - 4. Let v be b(-3). Suppose -v*m + 38*m - 123 = 0. Suppose 2*p - 15 = m. List the prime factors of p.
2, 7
Suppose 5*i = 2*q + 10560, -2*i + 3450 + 774 = -q. What are the prime factors of i?
2, 3, 11
Suppose 6*n - 37 = 41. Suppose n - 221 = -4*m. What are the prime factors of m?
2, 13
Let i = 329 - 139. What are the prime factors of i?
2, 5, 19
Let n(d) = -d + 6. Suppose 5*q = 36 + 4. Let b be n(q). What are the prime factors of -1 + b + 25 + 3?
5
Let n = -18 + 12. Let x be (-196)/21 + 4/n. What are the prime factors of (-4)/x*(10 - 0)?
2
Let a be (4 - (-48)/(-14)) + 450/21. Suppose -s + 5*d + 3 = 0, -2*d = -4*s + 62 + a. List the prime factors of s.
23
Suppose 3*h + 5*q - 31 = q, 0 = -q + 4. Suppose 0 = -p - 5, -5*m + h*p + 49 + 56 = 0. What are the prime factors of m?
2
Suppose 1989 - 93795 = -22*v. List the prime factors of v.
3, 13, 107
Let q(c) = -c**3 + 12*c**2 - 18*c + 4. Let s = 70 - 62. List the prime factors of q(s).
2, 29
Suppose -1 = 2*k + 5. Let g(a) = a**3 + 2*a**2 + 7. Let d be g(k). List the prime factors of d*1*(-164)/8.
41
Let l(w) = -w**3 + 38*w**2 - 184*w + 28. What are the prime factors of l(29)?
7, 17, 19
Let d = 499 - 271. What are the prime factors of d?
2, 3, 19
Let k(b) = -b**3 + 2*b**2 + 3*b + 4. Suppose 5*u + 3*c = 0, -21 = -u + 4*c + 2. List the prime factors of k(u).
2
Let d(q) = q**3 + 4*q - 9. Let y be 36/21 + 2 + 8/28. What are the prime factors of d(y)?
71
Let w = 140 - 98. What are the prime factors of (w/(-14))/((-3)/34)?
2, 17
Let l(n) = 14*n**2 - 39*n + 65. Let g(x) = 5*x**2 - 13*x + 22. Let o(r) = -17*g(r) + 6*l(r). List the prime factors of o(-8).
2, 7
Suppose 2*h = 10, 0 = 9*o - 10*o - h + 480. What are the prime factors of o?
5, 19
Let u(a) = 3*a**2 - 4*a + 10. Let q(y) = -y**3 - 8*y**2 - 6*y + 10. Let o be q(-7). What are the prime factors of u(o)?
5
Let o be 30/8 + 9/(-12). Let l be 2/((40/25)/4). Suppose -o*g - 4*x + 54 = -x, 2*x = l*g - 104. What are the prime factors of g?
2, 5
Let a = -120 + 80. Let b = a - -198. What are the prime factors of b?
2, 79
Suppose d = -3*a - 95, 0 = -4*d + 21 - 5. Let u = a - -47. List the prime factors of u.
2, 7
Let b be (-2522)/(-6) + (-21)/9 + 3. Suppose 5*g = 3*h - b, -h + g + 61 = -80. List the prime factors of h.
2, 71
Suppose 3*c = 3*z + 132, 3*c + 5*z + 42 = 134. Let g be 6/c + 72/39. List the prime factors of (0 - -22)*3/g.
3, 11
Let x be 18/(-24) + (-25)/4. Let q be (-3)/(-4)*(-3 - x). Suppose -f + 14 = -q*y, 4*y = -4*f + 3*f. List the prime factors of f.
2
Suppose 4*f = -5*f + 1035. Let d = f + 20. What are the prime factors of d?
3, 5
Let n(q) = 25*q - 18. Let m be n(4). Suppose -f = -54 - m. List the prime factors of f.
2, 17
Let i(z) = -z**2 - 4*z + 34. Let q be i(-8). What are the prime factors of (-666)/(-3) - (4 + (q - 6))?
2, 3, 37
Let v(l) = -15*l**2 + 187*l + 20. What are the prime factors of v(9)?
2, 61
S